ors of 3597657.
3, 7, 171317
List the prime factors of 1886834.
2, 233, 4049
List the prime factors of 38968343.
38968343
List the prime factors of 674652.
2, 3, 11, 19, 269
List the prime factors of 727285.
5, 13, 67, 167
What are the prime factors of 24605298?
2, 3, 113, 12097
List the prime factors of 236071.
11, 1951
List the prime factors of 2818384.
2, 19, 73, 127
List the prime factors of 65319.
3, 21773
What are the prime factors of 116246?
2, 13, 17, 263
List the prime factors of 236407.
236407
What are the prime factors of 5716073?
11, 519643
List the prime factors of 158400.
2, 3, 5, 11
What are the prime factors of 867723?
3, 289241
What are the prime factors of 960862?
2, 7, 68633
What are the prime factors of 626554?
2, 523, 599
List the prime factors of 285769.
11, 83, 313
What are the prime factors of 528635?
5, 105727
What are the prime factors of 1956186?
2, 3, 108677
List the prime factors of 10675466.
2, 5337733
List the prime factors of 1889304.
2, 3, 78721
What are the prime factors of 24743500?
2, 5, 17, 41, 71
List the prime factors of 1129463.
17, 29, 79
List the prime factors of 6026926.
2, 3013463
List the prime factors of 8092908.
2, 3, 41, 5483
What are the prime factors of 239075?
5, 73, 131
What are the prime factors of 16475346?
2, 3, 17, 131, 137
List the prime factors of 1747729.
1747729
What are the prime factors of 408556?
2, 102139
What are the prime factors of 834779?
11, 6899
What are the prime factors of 60483?
3, 20161
What are the prime factors of 22576?
2, 17, 83
What are the prime factors of 886381?
886381
List the prime factors of 33334777.
7, 4762111
List the prime factors of 133779.
3, 19, 2347
List the prime factors of 14635914.
2, 3, 2439319
What are the prime factors of 582931?
582931
List the prime factors of 40969257.
3, 7, 29, 67273
What are the prime factors of 1103118?
2, 3, 37, 4969
What are the prime factors of 520783?
199, 2617
List the prime factors of 591660.
2, 3, 5, 19, 173
List the prime factors of 261779.
7, 37397
List the prime factors of 362935.
5, 29, 2503
What are the prime factors of 244926?
2, 3, 11, 1237
What are the prime factors of 148849?
47, 3167
What are the prime factors of 248218?
2, 79, 1571
List the prime factors of 334418.
2, 7, 23887
List the prime factors of 600412.
2, 367, 409
List the prime factors of 315151.
83, 3797
List the prime factors of 13139500.
2, 5, 11, 2389
List the prime factors of 2514384.
2, 3, 19, 919
List the prime factors of 437017.
7, 149, 419
List the prime factors of 7174081.
1601, 4481
What are the prime factors of 9379728?
2, 3, 53, 1229
What are the prime factors of 641725?
5, 7, 19, 193
List the prime factors of 35666417.
107, 333331
List the prime factors of 17141706.
2, 3, 3919
List the prime factors of 1037251.
83, 12497
What are the prime factors of 15408264?
2, 3, 642011
List the prime factors of 61925.
5, 2477
List the prime factors of 4951841.
239, 20719
List the prime factors of 2936508.
2, 3, 107, 2287
List the prime factors of 144601.
23, 6287
What are the prime factors of 95527?
95527
List the prime factors of 521600.
2, 5, 163
What are the prime factors of 225787?
41, 5507
List the prime factors of 67814.
2, 41, 827
List the prime factors of 1065664.
2, 16651
What are the prime factors of 355795?
5, 11, 6469
What are the prime factors of 4706236?
2, 29, 1399
What are the prime factors of 1212875?
5, 31, 313
What are the prime factors of 23612?
2, 5903
What are the prime factors of 36734235?
3, 5, 2448949
List the prime factors of 1336969.
41, 32609
List the prime factors of 479756.
2, 31, 53, 73
What are the prime factors of 15131944?
2, 179, 10567
What are the prime factors of 2446643?
29, 239, 353
List the prime factors of 6632524.
2, 79, 139, 151
What are the prime factors of 1568304?
2, 3, 10891
List the prime factors of 19822946.
2, 11, 13, 6301
List the prime factors of 1616548.
2, 41, 9857
What are the prime factors of 1048413?
3, 349471
List the prime factors of 157774.
2, 78887
List the prime factors of 783995.
5, 156799
What are the prime factors of 4147025?
5, 31, 5351
What are the prime factors of 303320?
2, 5, 7583
List the prime factors of 1675237.
43, 38959
What are the prime factors of 421852?
2, 263, 401
List the prime factors of 72027.
3, 53, 151
What are the prime factors of 2331493?
347, 6719
List the prime factors of 555761.
555761
List the prime factors of 1631084.
2, 7, 13, 4481
List the prime factors of 4158578.
2, 37, 56197
List the prime factors of 3801298.
2, 199, 9551
List the prime factors of 1270959.
3, 41, 10333
What are the prime factors of 23468192?
2, 11, 19, 29
List the prime factors of 6943689.
3, 53, 14557
List the prime factors of 2958511.
2958511
List the prime factors of 3749398.
2, 1874699
What are the prime factors of 3529253?
7, 13, 38783
List the prime factors of 2210788.
2, 83, 6659
What are the prime factors of 842768?
2, 52673
List the prime factors of 870734.
2, 23, 823
List the prime factors of 19428143.
7, 2775449
List the prime factors of 721074.
2, 3, 47, 2557
What are the prime factors of 1726465?
5, 13, 26561
What are the prime factors of 192204?
2, 3, 19, 281
What are the prime factors of 12078702?
2, 3, 671039
What are the prime factors of 304605?
3, 5, 7, 967
List the prime factors of 8586719.
8586719
What are the prime factors of 1834539?
3, 7, 87359
What are the prime factors of 616843?
616843
What are the prime factors of 6898288?
2, 29, 14867
What are the prime factors of 8189938?
2, 47, 151, 577
What are the prime factors of 149330?
2, 5, 109, 137
List the prime factors of 25906.
2, 12953
What are the prime factors of 260160?
2, 3, 5, 271
List the prime factors of 13193793.
3, 37, 47, 281
What are the prime factors of 225807?
3, 75269
List the prime factors of 572148.
2, 3, 23, 691
List the prime factors of 11160339.
3, 3720113
What are the prime factors of 7437422?
2, 59, 63029
What are the prime factors of 3520501?
223, 15787
What are the prime factors of 360984?
2, 3, 13, 89
List the prime factors of 13997882.
2, 6998941
List the prime factors of 1527250.
2, 5, 41, 149
What are the prime factors of 8617694?
2, 53, 81299
What are the prime factors of 118380?
2, 3, 5, 1973
What are the prime factors of 1198323?
3, 7, 23, 827
What are the prime factors of 3562410?
2, 3, 5, 118747
List the prime factors of 1021402.
2, 19, 26879
What are the prime factors of 3483279?
3, 387031
List the prime factors of 557088.
2, 3, 7, 829
What are the prime factors of 1829337?
3, 609779
List the prime factors of 455280.
2, 3, 5, 7, 271
What are the prime factors of 12949555?
5, 127, 20393
List the prime factors of 454060.
2, 5, 73, 311
List the prime factors of 235797.
3, 53, 1483
List the prime factors of 154226.
2, 59, 1307
What are the prime factors of 4792057?
4792057
What are the prime factors of 2184984?
2, 3, 30347
What are the prime factors of 1696188?
2, 3, 13, 83, 131
List the prime factors of 336842.
2, 11, 61, 251
List the prime factors of 454206.
2, 3, 17, 61, 73
What are the prime factors of 2471134?
2, 31, 39857
List the prime factors of 347484.
2, 3, 23, 1259
What are the prime factors of 162359?
162359
What are the prime factors of 206676?
2, 3, 5741
List the prime factors of 3755307.
3, 137, 9137
List the prime factors of 4519.
4519
What are the prime factors of 5363?
31, 173
List the prime factors of 178505.
5, 19, 1879
What are the prime factors of 532567?
7, 76081
List the prime factors of 20656504.
2, 11, 234733
What are the prime factors of 900479?
29, 31051
List the prime factors of 6292955.
5, 53, 23747
List the prime factors of 742369.
742369
What are the prime factors of 21449639?
23, 932593
List the prime factors of 5142576.
2, 3, 107137
What are the prime factors of 192758?
2, 31, 3109
What are the prime factors of 9347867?
19, 23, 21391
List the prime factors of 106989.
3, 19, 1877
List the prime factors of 3060796.
2, 765199
List the prime factors of 2172350.
2, 5, 23, 1889
What are the prime factors of 4102123?
4102123
What are the prime factors of 537336?
2, 3, 17, 439
List the prime factors of 39340.
2, 5, 7, 281
List the prime factors of 11297454.
2, 3, 7, 31, 8677
What are the prime factors of 494965?
5, 98993
List the prime factors of 45724